 -5*d - 2*j + 64 = 0. What is the units digit of d?
4
Suppose -a + 8 = a. Suppose y + 5 = -a*k + 22, 3 = 3*y. What is the units digit of k?
4
Suppose -41 - 46 = -3*t. What is the units digit of t?
9
Let q(g) = -g**2 + 2*g + 1. Let o be q(-1). What is the units digit of (2 - 3)*8*o?
6
Let o(b) = 4*b + 0*b + 3 - 3 - 1. Let j be (-2 + 4)/(1/2). What is the tens digit of o(j)?
1
Suppose 15 + 53 = 2*q. Suppose -4*f = -2*r - 2*f + 46, q = 2*r + 2*f. What is the units digit of r?
0
Let p = 3 - 1. Suppose 5*l - 5 = 10. Suppose -k - 2*w + p = -l, 20 = k - w. What is the units digit of k?
5
Suppose -3*w - 48 = 5*r, w + 1 = 4*r + 36. Let x = -5 - r. Suppose -5*p - 3*k = -6*k - 53, 2*p + x*k = 42. What is the units digit of p?
3
Suppose 3*k + 2 = 4*k - 4*s, k = -3*s + 23. Suppose -4 = p - k. Suppose 2*d - p = 0, 3*t + 3*d - 35 = -t. What is the units digit of t?
5
Let n(k) = 7*k - 20. Let v(m) = -5*m + 13. Let j(f) = -5*n(f) - 8*v(f). What is the tens digit of j(3)?
1
Let u(x) = 2*x**2 + 9*x - 2. Suppose -13*n = -11*n + 12. What is the units digit of u(n)?
6
Suppose 0 = z + 5*c - 21, -c - 2*c + 7 = 2*z. Let u = z - -4. Suppose -i - 3 = u, -2*w = w + 5*i - 9. What is the units digit of w?
8
Let a(i) = -i**2 - 10*i - 10. Let n(s) = -s**3 + 5*s**2 + 5*s - 2. Let w be n(6). Let c be a(w). What is the units digit of (40/12)/(2/c)?
0
Let o(z) = -12*z**3 - 28*z**3 + 2*z**3. Let u be o(-1). Suppose g = -g + u. What is the units digit of g?
9
What is the units digit of 133 - -11 - (4 + 0)?
0
Let m(d) = -2*d + 39. What is the tens digit of m(0)?
3
Let r = 242 - 150. What is the tens digit of r?
9
Let w = 287 + -162. What is the tens digit of w?
2
Let h(a) = -a**3 - 3*a**2 - 3*a. Let v be h(-2). Suppose 2*q - v = 0, -2*q = -i + q + 15. Suppose -3*s + s + i = 0. What is the units digit of s?
9
Let g = -212 + 369. What is the hundreds digit of g?
1
Suppose 258 = -l - 5*g, -4*g + 8 = -8. What is the tens digit of l/(-7) + (-4)/(-14)?
4
Suppose 14*v - 8*v - 828 = 0. What is the units digit of v?
8
What is the tens digit of 5 + 0 + 83 + 0?
8
Let a(x) be the second derivative of -7*x**5/20 - x**2/2 + 2*x. Let t be a(-1). What is the units digit of ((-4)/t)/(8/(-36))?
3
Let b = 10 - 11. Let t(p) = -1 + 1 - 3*p - 2*p. What is the units digit of t(b)?
5
Let a = 72 - 43. What is the tens digit of a?
2
Suppose -2 + 6 = 2*f. Suppose 33 = s - 4*s + 4*l, f*l + 11 = -s. Let i = -8 - s. What is the units digit of i?
3
Let i be 4/(1/(-1 + 2)). Let z(l) be the third derivative of -l**6/120 + l**5/12 - l**4/6 + l**3/3 + 3*l**2. What is the units digit of z(i)?
2
Suppose -2*f - 35 = 19. Let x be 6*-6*(-12)/f. Let d = 2 - x. What is the tens digit of d?
1
What is the hundreds digit of 6186/27 + 4/(-36)?
2
Let v(m) = -m + 1. Let g(i) = i. Let x(s) = -3*g(s) - 2*v(s). Let a be x(-7). Suppose 0 = a*k - 2*c - 92, 0 = -k - 4*c + 10 + 4. What is the tens digit of k?
1
Let g(a) = -a**3 - 3*a**2 + 5*a + 3. Let k be g(-4). Let o = k - 1. What is the units digit of ((7 - 2) + o)*1?
3
Suppose -70*m = -66*m - 728. What is the hundreds digit of m?
1
Let t = -7 - -7. Suppose -5*q - 13 + 43 = t. Suppose -i = -q*i + 15. What is the units digit of i?
3
Suppose -6*b + 3*b = -42. Suppose -o = o - b. What is the units digit of o?
7
Let i = -18 + 21. Suppose -3*k - 2*k = -10. Suppose k*m = m + i. What is the units digit of m?
3
Let l = 5 - 3. Suppose -2 = l*z - 4*x - 46, -3*x - 9 = 0. What is the tens digit of z?
1
Suppose -2 = -o - 0*o. Let i be (-36)/(-21)*21/o. What is the units digit of 148/18 - 4/i?
8
What is the units digit of (74/(-2))/(7/(-3) - -2)?
1
Let b(y) = -2*y. Suppose -5*x = -3*h - h + 9, 4*x = -4*h. Let g be b(x). What is the units digit of -1 - (2*-4 + g)?
5
Suppose -490 = -14*s + 9*s. What is the units digit of s?
8
Let h = -30 + 89. Suppose -6*m = -m - q - 69, 3*q = -4*m + h. Suppose 4*k - 2*f - 3*f = 35, -m = -k - 4*f. What is the tens digit of k?
1
Let a(s) = -s**2 + 15*s - 7. What is the units digit of a(14)?
7
Let o(z) = 2*z**2 - 6*z - 7. Suppose 0*t - 4 = 2*t, 2 = 4*v + 5*t. Suppose 4*c + v*b - 21 = 4*b, 4*c + 5*b = 15. What is the tens digit of o(c)?
1
Let a = -10 + 6. Let t = 9 + a. What is the units digit of t?
5
Let a = -12 - -18. Suppose i + 0 - a = 0. What is the units digit of i?
6
What is the tens digit of (-9)/(-6)*(2 + 268/6)?
7
Let x = 7 + -21. Let r = -7 - x. What is the units digit of r?
7
Suppose -795 = -30*u + 27*u. What is the tens digit of u?
6
Let z = 5 + -10. Let g(v) = v**2 + 3*v + 2. Let a be g(z). What is the units digit of a/5*(-60)/(-18)?
8
Let g = -13 - -41. What is the tens digit of g?
2
Let d = -4 + 7. Suppose -7 = u - 4*w + 1, -3*u + d = -3*w. Suppose u*z = 5*a, 2*a + 6 = 3*z - 1. What is the units digit of z?
5
Suppose -i + 3*u = -11, -4*i - u + 19 = -3*i. What is the tens digit of i?
1
What is the tens digit of (-431)/(-13) + 8/(-52)?
3
Suppose 5*n + 13 = -3*v, -10 = -0*v + v - 4*n. What is the tens digit of (-4)/v + 94/3?
3
Let r(k) = -3*k. Let o = 2 + -3. Let n be r(o). Suppose 52 = d + n*d. What is the units digit of d?
3
Let d = -17 + 28. Suppose 65 + d = -4*k. Let l = -11 - k. What is the units digit of l?
8
Suppose 0 = 5*h - 76 - 69. Suppose -d + 29 = 2*d + 2*l, -4*l - 20 = 0. Suppose 2*f + 3*y - d = 0, 3*f = 2*y + 3*y + h. What is the units digit of f?
8
Let j(g) = -2*g + 5. Let y be j(3). What is the units digit of (y + 0)*(-2 + -7)?
9
Suppose 0 = -l - 5*y + 70, -3*l + 0*y - 5*y = -230. What is the units digit of l?
0
Suppose -18 = -4*w - 2*c, 3 = -w - 6*c + 3*c. Suppose -a + w = -0*a. What is the units digit of a?
6
Let n = -99 - -142. What is the units digit of n?
3
Let c = 111 + 187. What is the tens digit of c?
9
Let l be ((-10)/(-6))/(9/27). Let n(s) be the first derivative of s**2/2 - 3*s + 1. What is the units digit of n(l)?
2
What is the hundreds digit of (-62)/(-4)*(5 - 9)*-2?
1
Let f(j) = 2*j - 1. Let n(g) = -4*g + 2. Let q(x) = 10*f(x) + 6*n(x). What is the tens digit of q(-3)?
1
Let i = -150 - -229. What is the units digit of i?
9
Let w = -74 + 45. Let p = 54 + w. What is the tens digit of p?
2
Suppose 106 = 2*j + 4*q, 0 = 4*j - 2*q - q - 190. What is the units digit of j?
9
Suppose 7*r = 10*r - 69. What is the tens digit of r?
2
Suppose 0 = -4*f + 88 + 56. Let s = 0 + 0. Suppose 0 = 3*w - s*w - f. What is the units digit of w?
2
Suppose r - 4*n - 14 = 0, r - 3*n = -2*r + 24. Let p(q) = -r*q**3 + 5*q**3 + 2*q**3 - 5 - 7*q - q**2 + 6*q**2. What is the units digit of p(-6)?
1
Suppose 4*t + 4*h = 4 + 8, -5*t + 19 = h. What is the units digit of 153/5 - t/(-10)?
1
Suppose -3*z - 60 = -5*z - 4*q, 2*q = 5*z - 126. What is the units digit of z?
6
What is the tens digit of (-1330)/(-25) + 1/(-5)?
5
Let g = -36 + 61. What is the units digit of g?
5
Suppose -3*a + 12 = -0*a + 2*n, -4*a - 2*n + 16 = 0. What is the units digit of a?
4
Let s = 4 - 7. What is the units digit of 8 - (-3 - -2) - s?
2
Let r = 22 - 28. Let c(j) = -7*j. What is the tens digit of c(r)?
4
What is the units digit of -3 - -28 - (0 - 4)?
9
Let q(x) = 2*x**2 + x + 3. Let s be q(4). Suppose 5*h - s = 21. What is the units digit of h?
2
Let l = 29 + -18. What is the units digit of l?
1
Suppose 2*j + 4 = 2*y, 0 = -y + 6*y + 3*j - 26. Suppose 6*z = h + z - 29, 0 = y*h - z - 116. What is the tens digit of h?
2
Suppose q + 4*q + 20 = 0. Let k(s) = 2*s + 8. Let h(u) = -1. Let z(i) = -6*h(i) - k(i). What is the units digit of z(q)?
6
Suppose 10*y - 80 = 5*y. Suppose -2 = 2*k + 5*i, 4*i = 4*k + 70 - 10. Let w = k + y. What is the units digit of w?
5
Let k(u) = u + 9. Let x be k(-9). Suppose -4*p + 2*d - 7*d + 34 = x, -5*d - 8 = -3*p. What is the units digit of (2 + -1)*6/p?
1
Let q(x) = x**3 + 6*x**2 + 4. Let o be q(-6). Suppose -o = -2*n - 8. What is the units digit of 2 + n + (3 - 1)?
2
Let u be 3*((-10)/3 - -2). Let p = -2 - u. Suppose p*z = -12 + 30. What is the units digit of z?
9
Let l = -4 + 8. Suppose -l*n - 3*o + 15 = -3*n, -4*n + o = -47. What is the units digit of n?
2
Let u(g) = -g - 14. Let m be u(0). Let p be 54/10 + m/35. Suppose -p - 3 = -x. What is the units digit of x?
8
Let p(l) = l**3 + 11*l**2 - 4*l - 8. What is the units digit of p(-11)?
6
Let i = 10 - 18. Let b(s) = s**2 + 6*s - 5. What is the tens digit of b(i)?
1
Suppose 6*p = 4*p + 20. What is the units